{"id":43,"date":"2018-02-07T14:46:28","date_gmt":"2018-02-07T14:46:28","guid":{"rendered":"http:\/\/persischkurs.de\/?page_id=43"},"modified":"2018-02-13T14:41:18","modified_gmt":"2018-02-13T14:41:18","slug":"persisch-heute-2","status":"publish","type":"page","link":"http:\/\/persischkurs.de\/?page_id=43","title":{"rendered":"Persisch heute"},"content":{"rendered":"<h3><img loading=\"lazy\" class=\"alignnone size-medium wp-image-74\" src=\"http:\/\/persischkurs.de\/wp-content\/uploads\/2018\/02\/Persisch-heute2klein-274x300.png\" alt=\"\" width=\"274\" height=\"300\" \/>gibt es nur bei uns!<\/h3>\n<p>In unserem Sprachstudio wird seit Jahren das hauseigene Lehrwerk &#8222;Persisch heute&#8220; eingesetzt. Es vermittelt die aktuelle persische Sprache mit besonderem Blick auf die persische Umgangssprache. Die 10 Kapitel mit insgesamt 34 separaten Lerneinheiten sind nach modernen didaktischen Kriterien konzipiert und werden durch Hunderte von Sprech\u00fcbungen als PowerPoint-Pr\u00e4sentationen, H\u00f6rdateien, \u00dcbersetzungs\u00fcbungen etc. erg\u00e4nzt. Der Wortschatz der modernen persischen Sprache wird systematisch in Form von Alltagssituationen vermittelt.<\/p>\n<p>&#8222;Persisch heute&#8220; legt gro\u00dfen Wert auf die grammatische Progression, so dass grammatische Stoffe anhand von Beispielen aus den jeweiligen Lektionen leicht verst\u00e4ndlich erkl\u00e4rt und veranschaulicht werden.<\/p>\n<p>&#8222;Persisch heute&#8220; enth\u00e4lt in allen Lerneinheiten ein Glossar, aber es gibt auch ein separates deutsch-persisches und persisch-deutsches Glossar zum Lehrwerk mit ca. 3000 Stichw\u00f6rtern.<\/p>\n<p>Von Muttersprachlern gesprochene Dialoge und Sprech\u00fcbungen erg\u00e4nzen das Lehrwerk\u00a0&#8222;Persisch heute&#8220;. Die Audiomaterialien werden als MP3-Dateien &#8211; auch f\u00fcr unterwegs &#8211; zur Verf\u00fcgung gestellt.<\/p>\n<p>&#8222;Persisch heute&#8220; wird st\u00e4ndig aktualisiert, erg\u00e4nzt und erweitert. Allein das Lehrbuch umfasst inzwischen ca. 500 Seiten.<\/p>\n","protected":false},"excerpt":{"rendered":"<div class=\"mh-excerpt\"><p>gibt es nur bei uns! In unserem Sprachstudio wird seit Jahren das hauseigene Lehrwerk &#8222;Persisch heute&#8220; eingesetzt. Es vermittelt die aktuelle persische Sprache mit besonderem <a class=\"mh-excerpt-more\" href=\"http:\/\/persischkurs.de\/?page_id=43\" title=\"Persisch heute\">[&#8230;]<\/a><\/p>\n<\/div>","protected":false},"author":1,"featured_media":74,"parent":0,"menu_order":0,"comment_status":"closed","ping_status":"closed","template":"","meta":[],"_links":{"self":[{"href":"http:\/\/persischkurs.de\/index.php?rest_route=\/wp\/v2\/pages\/43"}],"collection":[{"href":"http:\/\/persischkurs.de\/index.php?rest_route=\/wp\/v2\/pages"}],"about":[{"href":"http:\/\/persischkurs.de\/index.php?rest_route=\/wp\/v2\/types\/page"}],"author":[{"embeddable":true,"href":"http:\/\/persischkurs.de\/index.php?rest_route=\/wp\/v2\/users\/1"}],"replies":[{"embeddable":true,"href":"http:\/\/persischkurs.de\/index.php?rest_route=%2Fwp%2Fv2%2Fcomments&post=43"}],"version-history":[{"count":8,"href":"http:\/\/persischkurs.de\/index.php?rest_route=\/wp\/v2\/pages\/43\/revisions"}],"predecessor-version":[{"id":71,"href":"http:\/\/persischkurs.de\/index.php?rest_route=\/wp\/v2\/pages\/43\/revisions\/71"}],"wp:featuredmedia":[{"embeddable":true,"href":"http:\/\/persischkurs.de\/index.php?rest_route=\/wp\/v2\/media\/74"}],"wp:attachment":[{"href":"http:\/\/persischkurs.de\/index.php?rest_route=%2Fwp%2Fv2%2Fmedia&parent=43"}],"curies":[{"name":"wp","href":"https:\/\/api.w.org\/{rel}","templated":true}]}}